?
False
Let t(f) = 169*f**3 - 5*f + 2. Let p(o) = o**2 + 5*o - 5. Let c be p(-6). Let g(j) = -j**2 - j - 1. Let z(m) = c*t(m) - g(m). Is z(1) a composite number?
True
Suppose 91 = -16*z - 37. Is ((-19 + 3)/z)/((-2)/(-11549)) composite?
False
Suppose 4*f = -3*a + 29, -a - 17 = -4*f - 0. Let k(v) = 6 + 14*v - 5*v**3 + 16*v**2 + 5*v**3 + v**a + 0. Is k(-11) a composite number?
False
Suppose -3*f + 3*s = -144, 3*f - 100 = f - 2*s. Suppose 12 = f*t - 53*t. Is 273/(5 - 2) - (t - -5) composite?
False
Suppose 8*d = 2*d - 34*d + 12661240. Is d a composite number?
False
Let c(p) = -122*p + 35. Let w be c(-10). Let s = -571 + w. Let n = s + -233. Is n prime?
False
Let n = -87 + 90. Suppose -5*g - 91 = 5*z - 996, -n*z = -2*g - 523. Is z composite?
True
Let t = 2423 - 7040. Let r = t - -10136. Is r a prime number?
True
Suppose 2*h + 2*b + b + 7814 = 0, -3*b = -6. Let m = -1665 - h. Suppose -2*o = 3*o - m. Is o composite?
False
Suppose -12*l + 5*l = 12*l. Suppose -2*g - 185 + 251 = l. Is g a composite number?
True
Let w be -5 + (-455)/(-10) + 3/2. Let u = 44 - w. Suppose -l = -u*l + 1757. Is l prime?
False
Suppose 198990 = 20*v + 768410. Let l = -13568 - v. Is l a composite number?
True
Let s(g) = 524*g**2 - 42*g + 117. Is s(20) composite?
False
Suppose -2*f + l - 17 = 0, 2*f - f + 5*l + 36 = 0. Is 70101/3*f/(-33) a composite number?
False
Let u be 3/(-2)*(-1985 + -9). Suppose 14194 = 3*z - 4*i + u, -3733 = -z + 2*i. Is z prime?
False
Suppose -260*d = 21511808 - 73764268. Is d prime?
True
Is (-357044)/6*((-17)/10 + 112/560) prime?
True
Let b = -22253 - -11760. Let q = 14814 + b. Is q a prime number?
False
Suppose -5*q + 4*m + 12775 = 0, -q + 2*q - 2554 = m. Is q + 10 + 2*(0 + 1) prime?
False
Suppose -3*k - 8 = -20. Suppose 4*m + k = -4*g, 3 = m - 5*g - 14. Is (-413)/(-7) - (m + 0) a prime number?
False
Let h be (-2 - 1)/((-3)/(-57)). Let d be 1 - -1 - (h - -10). Let w = 104 - d. Is w prime?
False
Let q(z) = -z**2 - 6*z + 10. Let j be q(-7). Let s be (-88)/(-110) + j/(30/32). Suppose 3*f + p - 8370 = -s*p, 5561 = 2*f - 3*p. Is f prime?
False
Suppose 15*z - 12782 + 1607 = 0. Suppose -12*m = -z - 3299. Is m prime?
True
Suppose -2*u + 4 = -5*a, 4*a + u = -2*u + 6. Is ((-16210)/(5 - a))/(-2) a composite number?
False
Suppose -2*b = -c - 2119, 1978 = 4*b + 9*c - 2293. Is b a composite number?
False
Suppose 0 = 3*g - 6, 2*g = o - 0*g + 3. Is (464 - o) + (-102)/(-17) a composite number?
True
Suppose -946965 + 160779 = -162*z. Is z composite?
True
Let q = 181 + -149. Is (20469/(-6))/(-4*4/q) composite?
False
Suppose 0 = 2*q - 3*y - 3304, 0 = 6*q - 7*q - 4*y + 1674. Suppose -q = 3*o - 6857. Is o a composite number?
False
Let y = 50150 - 19121. Is y a composite number?
True
Suppose 353904 = 12*y - 260568. Let b = y + -27807. Is b a composite number?
False
Let d(f) = -75248*f**3 + 4*f**2 + 11*f + 6. Is d(-1) a prime number?
False
Suppose 417*f - 52*f - 29058512 - 17404893 = 0. Is f composite?
False
Let z = -16711 + 142808. Is z composite?
False
Suppose -4*h + 216 = -6*h. Let y be (-86)/(-18) - 24/h. Suppose 2*f = -y*w + 3*f + 9010, -5*f = 5*w - 9040. Is w a composite number?
True
Is 2*87922 + 10 + (-1 - 0) prime?
True
Let q = 281 + -2897. Is (3/(18/4))/((-16)/q) a prime number?
True
Suppose 0 = -6*r + 4*r, 5*r - 1154 = 2*y. Let b = y - -1068. Is b a composite number?
False
Let x(c) be the third derivative of 83*c**4/6 - 5*c**3/6 + c**2 - 70*c. Is x(3) composite?
False
Is 528416/27 + 70/1890 prime?
True
Let i = -8789 - 4. Let o = -6262 - i. Is o composite?
False
Let z = -4987 - 858. Let d = 9438 + z. Is d a composite number?
False
Let h(m) = 7*m - 13. Let k be h(3). Let n be 28/8 - (2 + (-12)/k). Suppose -2*p + 946 = -3*f + 12, n*p = 2*f + 1411. Is p composite?
True
Is ((-4999230)/(-105) - -17) + (-4)/(-14) composite?
False
Let n be 1/(4 + -3 - (-18)/(-27)). Suppose 3*p + 3306 = n*x, 1922 = -5*x - 5*p + 7382. Is x prime?
True
Let f(t) = -t**3 - t**2 + 2*t + 1302. Let j be f(0). Let y = -2061 + j. Let r = 1432 + y. Is r composite?
False
Is (-494)/(-208) - 6/16 - -487377 a prime number?
False
Let o(v) = 180*v**2 + 15*v + 116. Is o(-13) a prime number?
True
Let h be (2/(-4))/((35/231672)/(-5)). Suppose 0 = 2*z + 5518 - h. Is z prime?
False
Let l(f) = -f**2 + 15*f + 17. Let w(a) be the first derivative of -a**3/3 + 5*a**2 + 11*a - 29. Let v(h) = 5*l(h) - 8*w(h). Is v(-10) a prime number?
True
Suppose 5*j - 331465 = 2*v, -5*v = 4*j - 3*v - 265172. Is j composite?
False
Let r(c) = -c**2 - c - 1. Let v(y) = 14*y**2 + 17*y + 11. Let j(w) = 4*r(w) + v(w). Let l be j(10). Suppose -k = -0*k - l. Is k prime?
False
Let o = -169 - -162. Let a(y) = -368*y - 185. Is a(o) a prime number?
False
Is -43573*(-10)/40*4 a composite number?
False
Suppose 2616 + 545564 = 170*u - 31010. Is u a composite number?
False
Let r(x) = 4720*x**2 + 7*x - 9. Let f be r(2). Suppose -11*s = 4*s - f. Is s prime?
True
Let o(j) = 677*j**3 - 3*j**2 - j + 3. Let p be o(1). Let w = p - -88. Suppose -7*k + 3*k = -w. Is k prime?
True
Suppose 2*h - 306 - 107 = 3*w, 3*h - 3 = 0. Let t = w - -944. Is t composite?
True
Let a(t) = -t - 10. Let n be a(-14). Suppose s - 8 = -4. Suppose m - 1278 = -n*x, -4 = 2*m - s*m. Is x prime?
False
Suppose -28*y = -47*y + 1845717. Is y a prime number?
False
Suppose 18*c - 12*c = 247890. Is c a prime number?
False
Suppose -3*z - 2*v = -394283, -3*v - 100267 - 162610 = -2*z. Is z composite?
False
Let w(b) = -b**2 - 10*b - 3. Let s be w(-10). Let c be 0/(1/(-3)*s). Suppose c = 14*u - 12*u - 7882. Is u a composite number?
True
Suppose 3520330 = 20*a - 7847085 + 3084955. Is a composite?
True
Suppose -43*m + 2591071 = 5*m + m. Is m composite?
False
Let x = -4886 + 8656. Suppose 3*b + 2*l - 5948 = 0, -3*l = -2*b + 191 + x. Is b a prime number?
False
Let h be (-3)/(-21) + 54/14. Suppose 2*r = h*g + 7 - 3, 2*g - 22 = 5*r. Is 6/r*-1*1901 composite?
False
Let m(z) = -4*z**3 - 31*z**2 - 9*z - 7. Let a(o) = -o**3 - 8*o**2 - 2*o - 2. Let x(p) = 9*a(p) - 2*m(p). Let c be x(-9). Let r = c + 182. Is r prime?
True
Let i(n) = -625*n**2 - 3*n + 4. Let a be i(1). Let w = 2791 - a. Is w prime?
False
Let g(j) = 8*j**3 + 4*j**2 + 5*j - 1. Let s be g(4). Suppose 0 = -w + 9*w + 3072. Let v = s + w. Is v a composite number?
False
Let p = 143953 + -15806. Is p a prime number?
True
Let i = -898736 - -2041699. Is i prime?
False
Let t(x) = -47*x**3 + 6*x**2 + 16*x + 15. Let r(j) = j**2 + 16*j + 7. Let h be r(-15). Let b be t(h). Is b/45 - 4/(-18) composite?
False
Let g = 166789 - -150662. Is g a prime number?
False
Suppose 0 = -31*r + 57*r + 75*r - 26353223. Is r composite?
True
Let h(a) = -a**3 - 14*a**2 + 29*a + 18. Let r be h(-18). Suppose -3*k = 4*f - r, 5*f = 2*k + 1472 - 459. Is f composite?
True
Let c = 329535 - 64294. Is c prime?
True
Suppose -3*h - 3*f = 2*h - 141, 0 = 3*f - 6. Suppose -4*t + 2*y + 108 = 0, t - y = y + h. Suppose 2 = -c + t. Is c a prime number?
False
Let t(k) = -15*k + 170. Let j be (1 + 3)*(-210)/40. Is t(j) composite?
True
Suppose 0 = -3*l - 15, 4*f + 0*f - 4*l + 2944 = 0. Let v = 4354 + f. Is v composite?
False
Let k be 8/(-24) - ((-412473)/(-9))/(-1). Suppose 19*v - k = 18*v. Is (3/6)/(5/v) prime?
True
Suppose 0*n + 2*n - 369 = 3*g, 2*g - n + 246 = 0. Let q = 125 + g. Is q + -1 + 12*189/6 prime?
True
Suppose -6*p + 103 - 25 = 0. Let h be (-15)/(-12)*(p + -1). Suppose 9*i - h*i = -2532. Is i prime?
False
Let r be -37*(-4)/(-6)*-42. Let x = r - 197. Is x a composite number?
False
Let b(c) be the third derivative of c**5/60 - c**4/4 - 2*c**3 + 18*c**2. Let m be b(6). Is (1003/(-3))/(m/36) prime?
False
Let s(c) be the second derivative of 61*c**3/3 - 23*c**2/2 - 51*c. Is s(14) a composite number?
True
Let x(c) = 3*c**3 - 49*c**2 - 114*c - 159. Is x(58) a composite number?
True
Suppose 839 - 497 = -19*t. Is 171518/8 + t/24 a prime number?
False
Let r = 1089 - 130. Let c be r*2/(2 - 0). Suppose -4*m + c = 3*o, m + 315 = -2*o + 3*o. Is o a composite number?
False
Suppose -4*l - 216 = -2*p, -139 + 129 = -2*l. Is p a composite number?
True
Suppose 0*w + 3*w + n = 3, -n - 1 = w. Suppose w*t + j - 249 = 14, 4*j = 5*t - 690. Suppose -h - 3*z + 2 = -65, 0 = 2*h + 5*z - t. Is h composite?
False
Let i = 96 - 93. Is -5 + i + (0 - -879) a composite number?
False
Suppose -437548 - 338107 = -53*l. 